7 (base 8) to base 16.
10f
What is -21828 (base 12) in base 13?
-17282
-150 (base 11) to base 12
-128
Convert 640 (base 14) to base 5.
14412
7242 (base 9) to base 13
254c
Convert -1100011011001 (base 2) to base 6.
-45241
What is -10233 (base 10) in base 13?
-4872
Convert -912 (base 13) to base 16.
-600
Convert 483 (base 10) to base 15.
223
-1001010001100101 (base 2) to base 14
-dbb7
Convert 412 (base 16) to base 3.
1102121
Convert 786 (base 13) to base 16.
50d
What is 1000010010100011 (base 2) in base 8?
102243
What is -124 (base 7) in base 5?
-232
-6b (base 16) to base 4
-1223
-4874 (base 12) to base 3
-102011221
6314 (base 7) to base 12
1348
What is 2a89 (base 13) in base 11?
4724
What is -fef (base 16) in base 3?
-12121002
Convert 360 (base 13) to base 11.
492
Convert 12101000 (base 3) to base 11.
2a3a
Convert 3354 (base 6) to base 2.
1100010110
What is -1240 (base 6) in base 2?
-100111000
-1030121 (base 4) to base 13
-22c1
-2174 (base 9) to base 11
-1230
What is -540 (base 15) in base 14?
-609
What is 10001010011000 (base 2) in base 11?
6721
112141 (base 5) to base 16
fce
Convert -2 (base 12) to base 14.
-2
-2000111010 (base 3) to base 9
-60433
Convert -1110011000111 (base 2) to base 9.
-11085
Convert -11101010 (base 2) to base 8.
-352
Convert -3d1f (base 16) to base 5.
-1000042
Convert -271b (base 12) to base 7.
-16040
What is -102023211 (base 4) in base 9?
-123133
What is 3505 (base 6) in base 2?
1101000001
-15641 (base 8) to base 3
-100200222
-7a6 (base 11) to base 2
-1111000011
Convert -6678 (base 9) to base 14.
-1b23
What is 1213 (base 10) in base 8?
2275
350 (base 8) to base 16
e8
What is 2010002212 (base 3) in base 7?
232241
a548 (base 12) to base 5
1034211
164 (base 8) to base 2
1110100
What is -163c (base 13) in base 15?
-e77
-4027 (base 11) to base 15
-18bd
Convert -3736 (base 13) to base 5.
-222234
What is -1334002 (base 6) in base 8?
-221762
Convert -b02 (base 12) to base 4.
-120302
Convert 2c50 (base 15) to base 2.
10010100110101
1ae (base 16) to base 13
271
293 (base 11) to base 6
1332
-80572 (base 10) to base 11
-55598
Convert -16223 (base 8) to base 9.
-11027
-120b (base 12) to base 15
-902
-4e7 (base 15) to base 7
-3154
7831 (base 9) to base 14
216b
What is 243300 (base 6) in base 5?
1141432
Convert 42c (base 13) to base 5.
10324
Convert 2001 (base 11) to base 16.
a67
Convert -737 (base 9) to base 14.
-30d
What is 1793 (base 13) in base 11?
26a2
What is -23015 (base 6) in base 2?
-110010110011
Convert 122201110 (base 3) to base 14.
49ca
What is -21330 (base 4) in base 12?
-450
-803 (base 11) to base 7
-2555
10101110101 (base 2) to base 4
111311
Convert 89a9 (base 11) to base 12.
6a40
-41463 (base 7) to base 8
-23714
What is 154a1 (base 12) in base 11?
2065a
What is 1213312 (base 4) in base 2?
1100111110110
14368 (base 11) to base 16
4fb2
Convert 2719 (base 13) to base 15.
19d4
Convert 21012 (base 3) to base 9.
235
Convert -9688 (base 11) to base 10.
-12801
What is -6438 (base 14) in base 16?
-4392
Convert -1bb8 (base 12) to base 5.
-102302
-61cc (base 16) to base 5
-1300121
30103 (base 5) to base 16
76f
4db4 (base 16) to base 13
9092
Convert 3442 (base 7) to base 10.
1255
4053 (base 7) to base 12
996
21133 (base 4) to base 7
1525
-272c (base 16) to base 5
-310103
What is 1ec (base 15) in base 3?
121120
What is 41c1 (base 13) in base 3?
110111120
What is 188 (base 9) in base 2?
10100001
Convert -601 (base 7) to base 6.
-1211
Convert -bc2 (base 14) to base 6.
-14434
Convert -1108 (base 12) to base 11.
-145a
-163352 (base 7) to base 10
-32426
Convert -2546 (base 7) to base 10.
-965
What is 10110111101 (base 2) in base 14?
76d
What is -102011 (base 4) in base 3?
-1120212
Convert -2878 (base 10) to base 4.
-230332
What is -142 (base 13) in base 8?
-337
40553 (base 8) to base 14
6163
What is 4913 (base 12) in base 13?
3987
-580d (base 16) to base 13
-a34c
Convert 1310 (base 6) to base 14.
198
111101010001001 (base 2) to base 9
47024
What is 3370 (base 15) in base 5?
322110
-323 (base 13) to base 10
-536
What is 241524 (base 6) in base 14?
79c8
Convert -2332 (base 5) to base 10.
-342
-144244 (base 5) to base 6
-44411
Convert 4b17 (base 12) to base 5.
233030
-2030010 (base 4) to base 5
-241324
Convert 3325 (base 6) to base 16.
305
-431 (base 6) to base 2
-10100011
-429 (base 10) to base 12
-2b9
22112011 (base 3) to base 13
2aa0
What is -2111022110 (base 3) in base 12?
-24493
What is -10121 (base 8) in base 11?
-3158
What is 4004 (base 8) in base 4?
200010
23203 (base 6) to base 5
101230
What is 9f (base 16) in base 8?
237
What is -1516 (base 14) in base 2?
-111010100000
Convert -2203 (base 6) to base 10.
-507
Convert -11001000101 (base 2) to base 5.
-22410
What is -490 (base 12) in base 3?
-221100
What is -583 (base 12) in base 10?
-819
What is -3206 (base 7) in base 5?
-14013
Convert -1376 (base 11) to base 4.
-123301
Convert bc1 (base 16) to base 5.
44014
Convert -1536 (base 14) to base 6.
-25244
Convert -1474 (base 13) to base 8.
-5630
-63705 (base 8) to base 5
-1322230
-2271 (base 15) to base 4
-1302022
Convert 703 (base 11) to base 4.
31102
What is 102032 (base 4) in base 5?
14131
-11403 (base 5) to base 9
-1147
What is -15020 (base 15) in base 12?
-330b6
Convert 13113 (base 5) to base 10.
1033
Convert a49 (base 16) to base 8.
5111
What is 46755 (base 8) in base 13?
9107
What is -48e (base 16) in base 6?
-5222
1221021 (base 3) to base 8
2603
120010211 (base 3) to base 9
16124
Convert -b68b (base 12) to base 13.
-912b
c157 (base 14) to base 15
9c86
What is 111011101000101 (base 2) in base 15?
90a8
What is 11112212001 (base 3) in base 15?
1b80a
What is 6885 (base 9) in base 8?
11753
What is -330 (base 12) in base 5?
-3333
28ac (base 14) to base 3
100212222
Convert 10010011100 (base 2) to base 16.
49c
Convert 336 (base 11) to base 7.
1113
-1224 (base 7) to base 10
-459
221222 (base 3) to base 13
41c
-432025 (base 6) to base 11
-2469a
13603 (base 8) to base 2
1011110000011
Convert -17262 (base 10) to base 6.
-211530
What is 1cc1 (base 14) in base 4?
1102101
Convert -12221 (base 4) to base 15.
-1d5
Convert -103141 (base 5) to base 11.
-2734
-4454 (base 6) to base 9
-1377
1aca (base 15) to base 8
13267
-149a6 (base 11) to base 5
-1134140
Convert -104100 (base 6) to base 16.
-21e4
-321340 (base 5) to base 15
-3330
-2d67 (base 14) to base 11
-6119
-10222121 (base 3) to base 13
-1426
What is 2029 (base 12) in base 11?
2692
What is -13566 (base 7) in base 12?
-21a3
Convert 33322 (base 4) to base 13.
604
What is 16426 (base 8) in base 6?
54250
-741 (base 8) to base 13
-2b0
What is 8383 (base 11) in base 9?
16205
Convert -110011110111 (base 2) to base 7.
-12451
What is -14c0 (base 13) in base 5?
-44104
What is 235 (base 16) in base 14?
2c5
What is -b42 (base 12) in base 10?
-1634
523 (base 11) to base 13
396
What is 332 (base 8) in base 10?
218
54 (base 12) to base 16
40
51540 (base 6) to base 10
6900
Convert 1140 (base 5) to base 13.
101
What is 15059 (base 10) in base 15?
46de
2ba1 (base 14) to base 6
100013
Convert 3141 (base 5) to base 13.
265
Convert -112301 (base 4) to base 16.
-5b1
-314333 (base 5) to base 3
-112112100
Convert 73d2 (base 15) to base 2.
101111110110001
What is -940 (base 14) in base 4?
-130130
What is -12630 (base 7) in base 12?
-1b76
What is -20b82 (base 13) in base 7?
-334160
Convert -110002110 (base 3) to base 5.
-240224
-13302 (base 5) to base 2
-10000110101
What is 366 (base 14) in base 4?
22212
Convert -c16 (base 14) to base 10.
-2372
-1989 (base 10) to base 5
-30424
What is -320232 (base 5) in base 9?
-15600
a509 (base 11) to base 4
3121210
1614 (base 8) to base 12
638
Convert -30424 (base 9) to base 11.
-14059
946 (base 15) to base 3
2212110
What is 5b83 (base 16) in base 11?
16668
Convert acd (base 16) to base 7.
11030
320433 (base 5) to base 2
10100111110111
ca (base 16) to base 13
127
What is -1b8 (base 14) in base 10?
-358
50330 (base 6) to base 10
6606
What is -1131020 (base 4) in base 10?
-5960
-6746 (base 8) to base 3
-11212210
Convert 775 (base 11) to base 6.
4145
12b1 (base 12) to base 3
2221121
Convert -222144 (base 5) to base 6.
-100035
Convert 13330 (base 4) to base 10.
508
47a (base 11) to base 16
23b
bd8 (base 15) to base 4
221312
What is -10323011 (base 4) in base 8?
-47305
Convert 1581 